{"id":1988,"date":"2023-07-05T10:39:11","date_gmt":"2023-07-05T08:39:11","guid":{"rendered":"http:\/\/batepker.hu\/?page_id=1988"},"modified":"2023-07-05T10:39:11","modified_gmt":"2023-07-05T08:39:11","slug":"terelhatarolasok","status":"publish","type":"page","link":"https:\/\/batepker.hu\/index.php\/terelhatarolasok\/","title":{"rendered":"T\u00e9relhat\u00e1rol\u00e1sok"},"content":{"rendered":"<p>[vc_row][vc_column]<div style=\"background-color:;height: 100px\" class=\"nicdark_section  \"><\/div>[\/vc_column][\/vc_row][vc_row][vc_column][vc_masonry_media_grid element_width=&#8221;3&#8243; grid_id=&#8221;vc_gid:1688546239812-f30023b8-e3e8-7&#8243; include=&#8221;1989,1990,1991,1992,1993,1994&#8243;]<div style=\"background-color:;height: 25px\" class=\"nicdark_section  \"><\/div> Ide tartoznak a k\u00fcl\u00f6nf\u00e9le burkolati rendszerek. Tet\u0151-, oldalfalburkolatok, \u00e1lmennyezetek, v\u00e1laszfalak k\u00e9sz\u00edt\u00e9se trap\u00e9z- \u00e9s cserepes lemezzel, szendvicspanellel, t\u00e1lc\u00e1s burkolatok. Term\u00e9szetesen sz\u00fcks\u00e9g eset\u00e9n h\u0151szigetel\u00e9s, al\u00e1t\u00e9tf\u00f3li\u00e1k elhelyez\u00e9s\u00e9vel. <div style=\"background-color:;height: 25px\" class=\"nicdark_section  \"><\/div>[\/vc_column][\/vc_row]<\/p>\n","protected":false},"excerpt":{"rendered":"<p>[vc_row][vc_column][\/vc_column][\/vc_row][vc_row][vc_column][vc_masonry_media_grid element_width=&#8221;3&#8243; grid_id=&#8221;vc_gid:1688546239812-f30023b8-e3e8-7&#8243; include=&#8221;1989,1990,1991,1992,1993,1994&#8243;][\/vc_column][\/vc_row]<\/p>\n","protected":false},"author":1,"featured_media":0,"parent":0,"menu_order":0,"comment_status":"closed","ping_status":"closed","template":"","meta":{"footnotes":""},"class_list":["post-1988","page","type-page","status-publish","hentry"],"_links":{"self":[{"href":"https:\/\/batepker.hu\/index.php\/wp-json\/wp\/v2\/pages\/1988"}],"collection":[{"href":"https:\/\/batepker.hu\/index.php\/wp-json\/wp\/v2\/pages"}],"about":[{"href":"https:\/\/batepker.hu\/index.php\/wp-json\/wp\/v2\/types\/page"}],"author":[{"embeddable":true,"href":"https:\/\/batepker.hu\/index.php\/wp-json\/wp\/v2\/users\/1"}],"replies":[{"embeddable":true,"href":"https:\/\/batepker.hu\/index.php\/wp-json\/wp\/v2\/comments?post=1988"}],"version-history":[{"count":1,"href":"https:\/\/batepker.hu\/index.php\/wp-json\/wp\/v2\/pages\/1988\/revisions"}],"predecessor-version":[{"id":1995,"href":"https:\/\/batepker.hu\/index.php\/wp-json\/wp\/v2\/pages\/1988\/revisions\/1995"}],"wp:attachment":[{"href":"https:\/\/batepker.hu\/index.php\/wp-json\/wp\/v2\/media?parent=1988"}],"curies":[{"name":"wp","href":"https:\/\/api.w.org\/{rel}","templated":true}]}}