{"id":2282,"date":"2023-07-05T19:10:10","date_gmt":"2023-07-05T17:10:10","guid":{"rendered":"http:\/\/batepker.hu\/?page_id=2282"},"modified":"2023-07-05T19:10:10","modified_gmt":"2023-07-05T17:10:10","slug":"lakatos-munkak","status":"publish","type":"page","link":"https:\/\/batepker.hu\/index.php\/lakatos-munkak\/","title":{"rendered":"Lakatos munk\u00e1k"},"content":{"rendered":"<p>[vc_row][vc_column]<div style=\"background-color:;height: 100px\" class=\"nicdark_section  \"><\/div> <h3 style=\"color:;padding:px;text-align:;font-size:px;line-height:px;letter-spacing: px;font-weight:bold\" class=\"    \">Nyaral\u00f3 \u00e9p\u00edt\u00e9s, Balatonfenyves<\/h3> [\/vc_column][\/vc_row][vc_row][vc_column]<div style=\"background-color:;height: 10px\" class=\"nicdark_section  \"><\/div> Megrendel\u0151: ALPISZIG '97 Kft. Beruh\u00e1z\u00f3: MEGA-V\u00c1RLAK Kft. Kivitelez\u00e9s \u00e9ve: 2016 <div style=\"background-color:;height: 25px\" class=\"nicdark_section  \"><\/div>[vc_masonry_media_grid element_width=&#8221;3&#8243; grid_id=&#8221;vc_gid:1688576762075-9ff615d6-fd7e-0&#8243; include=&#8221;2283,2284,2285,2286&#8243;][\/vc_column][\/vc_row][vc_row][vc_column]<div style=\"background-color:;height: 50px\" class=\"nicdark_section  \"><\/div> <h3 style=\"color:;padding:px;text-align:;font-size:px;line-height:px;letter-spacing: px;font-weight:bold\" class=\"    \">Logisztikai k\u00f6zpont, Szeksz\u00e1rd<\/h3> [\/vc_column][\/vc_row][vc_row][vc_column]<div style=\"background-color:;height: 10px\" class=\"nicdark_section  \"><\/div> Megrendel\u0151: T-TRANS Kft. Beruh\u00e1z\u00f3: T-TRANS Kft. Kivitelez\u00e9s \u00e9ve: 2015 <div style=\"background-color:;height: 25px\" class=\"nicdark_section  \"><\/div>[vc_masonry_media_grid element_width=&#8221;3&#8243; grid_id=&#8221;vc_gid:1688576762076-89b41fff-c1f7-8&#8243; include=&#8221;2287,2288,2289,2290&#8243;][\/vc_column][\/vc_row][vc_row][vc_column]<div style=\"background-color:;height: 50px\" class=\"nicdark_section  \"><\/div> <h3 style=\"color:;padding:px;text-align:;font-size:px;line-height:px;letter-spacing: px;font-weight:bold\" class=\"    \">Baromfifeldolgoz\u00f3 \u00fczem B\u00e1tasz\u00e9k<\/h3> [\/vc_column][\/vc_row][vc_row][vc_column]<div style=\"background-color:;height: 10px\" class=\"nicdark_section  \"><\/div> Megrendel\u0151: TERC-CO Kft. Beruh\u00e1z\u00f3: B\u00c1T-GRILL Kft. Kivitelez\u00e9s \u00e9ve: 2014 <div style=\"background-color:;height: 25px\" class=\"nicdark_section  \"><\/div>[vc_masonry_media_grid element_width=&#8221;3&#8243; grid_id=&#8221;vc_gid:1688576762077-3dbf81d6-9d3f-8&#8243; include=&#8221;2291,2292,2293,2294&#8243;][\/vc_column][\/vc_row][vc_row][vc_column]<div style=\"background-color:;height: 50px\" class=\"nicdark_section  \"><\/div> <h3 style=\"color:;padding:px;text-align:;font-size:px;line-height:px;letter-spacing: px;font-weight:bold\" class=\"    \">Lift ac\u00e9lszerkezet, \u0150cs\u00e9ny<\/h3> [\/vc_column][\/vc_row][vc_row][vc_column]<div style=\"background-color:;height: 10px\" class=\"nicdark_section  \"><\/div> Megrendel\u0151: ALISCA BAU Kft. Beruh\u00e1z\u00f3: \u0150cs\u00e9nyi \u00d6nkorm\u00e1nyzat Kivitelez\u00e9s \u00e9ve: 2011 <div style=\"background-color:;height: 25px\" class=\"nicdark_section  \"><\/div>[vc_masonry_media_grid element_width=&#8221;3&#8243; grid_id=&#8221;vc_gid:1688576762078-70c8af3b-fefa-6&#8243; include=&#8221;2295,2296,2297,2298&#8243;][\/vc_column][\/vc_row]<\/p>\n","protected":false},"excerpt":{"rendered":"<p>[vc_row][vc_column][\/vc_column][\/vc_row][vc_row][vc_column][vc_masonry_media_grid element_width=&#8221;3&#8243; grid_id=&#8221;vc_gid:1688576762075-9ff615d6-fd7e-0&#8243; include=&#8221;2283,2284,2285,2286&#8243;][\/vc_column][\/vc_row][vc_row][vc_column][\/vc_column][\/vc_row][vc_row][vc_column][vc_masonry_media_grid element_width=&#8221;3&#8243; grid_id=&#8221;vc_gid:1688576762076-89b41fff-c1f7-8&#8243; include=&#8221;2287,2288,2289,2290&#8243;][\/vc_column][\/vc_row][vc_row][vc_column][\/vc_column][\/vc_row][vc_row][vc_column][vc_masonry_media_grid element_width=&#8221;3&#8243; grid_id=&#8221;vc_gid:1688576762077-3dbf81d6-9d3f-8&#8243; include=&#8221;2291,2292,2293,2294&#8243;][\/vc_column][\/vc_row][vc_row][vc_column][\/vc_column][\/vc_row][vc_row][vc_column][vc_masonry_media_grid element_width=&#8221;3&#8243; grid_id=&#8221;vc_gid:1688576762078-70c8af3b-fefa-6&#8243; include=&#8221;2295,2296,2297,2298&#8243;][\/vc_column][\/vc_row]<\/p>\n","protected":false},"author":1,"featured_media":0,"parent":0,"menu_order":0,"comment_status":"closed","ping_status":"closed","template":"","meta":{"footnotes":""},"class_list":["post-2282","page","type-page","status-publish","hentry"],"_links":{"self":[{"href":"https:\/\/batepker.hu\/index.php\/wp-json\/wp\/v2\/pages\/2282"}],"collection":[{"href":"https:\/\/batepker.hu\/index.php\/wp-json\/wp\/v2\/pages"}],"about":[{"href":"https:\/\/batepker.hu\/index.php\/wp-json\/wp\/v2\/types\/page"}],"author":[{"embeddable":true,"href":"https:\/\/batepker.hu\/index.php\/wp-json\/wp\/v2\/users\/1"}],"replies":[{"embeddable":true,"href":"https:\/\/batepker.hu\/index.php\/wp-json\/wp\/v2\/comments?post=2282"}],"version-history":[{"count":1,"href":"https:\/\/batepker.hu\/index.php\/wp-json\/wp\/v2\/pages\/2282\/revisions"}],"predecessor-version":[{"id":2299,"href":"https:\/\/batepker.hu\/index.php\/wp-json\/wp\/v2\/pages\/2282\/revisions\/2299"}],"wp:attachment":[{"href":"https:\/\/batepker.hu\/index.php\/wp-json\/wp\/v2\/media?parent=2282"}],"curies":[{"name":"wp","href":"https:\/\/api.w.org\/{rel}","templated":true}]}}